-n - 5028 = -t + 4131. What are the prime factors of t?
9161
Let l(x) = 4*x**3 - 3*x**2 + 8*x + 4. Let b be l(3). Suppose -798 = 106*n - b*n. What are the prime factors of n?
2, 7, 19
Suppose -24*s + 362863 + 300785 = 0. List the prime factors of s.
2, 31, 223
Let r(q) be the second derivative of 5*q**3/3 + 84*q**2 - 72*q. List the prime factors of r(25).
2, 11, 19
Let a(p) = -p**2 - 7*p - 3. Let s be a(-6). Let k be s/9*39 - -4. Let q = k - -6. What are the prime factors of q?
23
Suppose -5*t + 3*x + 41 = -x, -4*t = 2*x - 12. Suppose -2*h + 11 = t*a - 8, -2 = 4*h + 2*a. What are the prime factors of (-294)/h*2/4?
7
Suppose -1643*y = -1693*y + 140000. List the prime factors of y.
2, 5, 7
Suppose -15*i = -32881 - 19689 - 11975. List the prime factors of i.
13, 331
Suppose -27*v - 1420 = -23*v. Let c = v - -751. List the prime factors of c.
2, 3, 11
Suppose s + 2*c - 30 = 0, 2*s + 2*c + 0*c - 62 = 0. Let x(a) = -s - 6 + 2*a**2 + 9 + 7*a + 13*a. List the prime factors of x(-15).
11
Let q(h) = 7*h - 50. Let a be q(12). Let p = 77 + a. Let j = p - -4. List the prime factors of j.
5, 23
Let a = 447 + -255. Suppose 2*x + 4*v - 86 = 66, -2*x + 4*v + a = 0. Let t = x + -68. What are the prime factors of t?
2, 3
Let h be (-3 + 23)*1/1. Suppose -11 = -h*k + 19*k. What are the prime factors of 1276/14 + k/(-77)?
7, 13
Let r = 36 - 28. Suppose -8*o + 4*o - r = 0. List the prime factors of (-22 + o)*30/(-24).
2, 3, 5
Suppose 2*m + 12*v = 16*v + 47568, 0 = -4*m + v + 95129. What are the prime factors of m?
2, 11, 23, 47
Let f be (-4)/6 + 0 + (-203)/(-21). Let u(y) = 14*y**2 - 16*y**2 + 14*y + y**3 - 3*y - 8*y**2. What are the prime factors of u(f)?
2, 3
Let x(z) = -439*z**3 - 5*z**2 - 7*z - 5. Let k(y) = 439*y**3 + 4*y**2 + 6*y + 4. Let m(s) = 6*k(s) + 5*x(s). What are the prime factors of m(1)?
2, 3, 73
Let i(b) = 10*b**3 + 22*b**2 + 10*b + 18*b**3 - 29*b**3 - 50 + 2. List the prime factors of i(21).
3, 67
Suppose -2*h = k - 29580, -4*k = -4*h + 34152 + 24984. What are the prime factors of h?
2, 3697
Let d(q) = 24*q - 1. Suppose 0 = 3*j - 6*j - 3. Let i be d(j). Let x(s) = -s**2 - 34*s - 46. What are the prime factors of x(i)?
179
Let g = 307 - 208. Let r = g - 0. What are the prime factors of r?
3, 11
Suppose -39*z + 137*z - 949351 = -2181. List the prime factors of z.
5, 1933
Suppose 3*x - 18*f = -14*f + 22658, -2*f = -14. List the prime factors of x.
2, 19, 199
Let o be (-1375)/(-475) - 4/(-38). List the prime factors of (o/6*6)/((-1)/(-35)).
3, 5, 7
Let l be 76/228 + 7/(-3). List the prime factors of l/(-6) - 273585/(-207).
2, 661
Let x = -126 - -80. Let j be -65*4*(-6)/20. Let m = j + x. List the prime factors of m.
2
Let r(t) = 8 + 10*t**2 - 14*t**3 - 31*t + 28*t**3 - 13*t - 13*t**3. List the prime factors of r(-7).
463
Let q(c) be the second derivative of 5*c**2 + 1/20*c**5 + 1/6*c**3 + 0 - 2*c - c**4. List the prime factors of q(12).
2, 11
Let y = -48 - -48. Let g(h) = -22 - 22*h - h**2 + 4 + y. List the prime factors of g(-17).
67
Suppose 2*i = -4*r - 0*i + 2, 3*r - 5*i - 8 = 0. Let x be 1*(-3 + (72 - r)). Suppose -4*s = x - 276. List the prime factors of s.
2, 13
Suppose 10632 = -38*l + 50*l. Let j = 1816 - l. List the prime factors of j.
2, 3, 5, 31
Let i(j) = 9*j**2 - 14*j + 15. Let z be i(1). Suppose z*k - 8882 + 1682 = 0. List the prime factors of k.
2, 3, 5
Suppose 13*f - 6*f + 112 = 0. Let w be (-2)/f - 414/(-144). Let c(r) = 3*r**3 + 2*r**2 - 3*r + 3. What are the prime factors of c(w)?
3, 31
Let i(a) = 49*a + 2. Let p(x) = -x**3 - 7*x**2 - 8*x - 1. Let n be p(-6). Suppose 0 = 6*z - 4*z - 3*m + 13, 2*m - n = -z. List the prime factors of i(z).
3, 17
Let n = 459 + -410. Let v = 53 - n. List the prime factors of v.
2
Let x = 83 - 53. Suppose 0 = 6*p - 84 - x. Suppose 7*r + p = 145. List the prime factors of r.
2, 3
Let f(p) = -21*p - 26*p - 17 + 45*p. Let x be f(-8). What are the prime factors of (x - -2)*(20 - -77)?
97
Suppose 844*y - 132582 = 1232166. List the prime factors of y.
3, 7, 11
Let o = -22628 + 55006. What are the prime factors of o?
2, 16189
Let d = -9 + 17. Let p be 60 + (d - 4)*1/2. Let v = p - -8. What are the prime factors of v?
2, 5, 7
Suppose -307*j + 506086 = -233*j. What are the prime factors of j?
7, 977
Let a(l) be the first derivative of l**3/3 + 25*l**2/2 - 14*l + 31. Let m be a(-24). Let u = -9 - m. What are the prime factors of u?
29
Let i(u) = 25888*u**3 - u**2 - 2*u + 4. What are the prime factors of i(1)?
25889
Let f(n) = 401*n + 739. List the prime factors of f(28).
3, 3989
What are the prime factors of (1005/(-6))/(-14 - 4275/(-306))?
5, 17, 67
Let s(d) = 5*d**3 - d**3 - 3*d**3 + 7 - 784*d + 769*d + 9*d**2. What are the prime factors of s(-8)?
191
Let b be ((-43)/(-5) - 9)*(10 - 0). List the prime factors of (0 + b)/4 + (4 - -13).
2
Suppose -v = -i - 12631, 0 = -5*v + 3*i + 40878 + 22285. List the prime factors of v.
5, 7, 19
Suppose 54*l - 537823 = 240911. What are the prime factors of l?
3, 11, 19, 23
Let b be (-15*18/225)/((-3)/40). Suppose 3*w + c = 2799, 4*w + b*c - 3743 = 11*c. List the prime factors of w.
2, 233
Suppose -8*i + 20 = -4*i. Suppose i*q + 23 = 3*n, -3*n + 0*q + 14 = 4*q. What are the prime factors of (-5)/(105/n) - (-7290)/35?
2, 13
Suppose 7*f - 4*m = 2*f - 60, -5*f = 5*m + 15. Let t(j) = 2*j**2 - 4*j + 19. What are the prime factors of t(f)?
179
Suppose -450 = -5*d + 2*a, 4*d - 211 - 149 = -3*a. Suppose 0 = 4*o + d - 34. What are the prime factors of (o/(-35))/((-2)/(-5)) + 158?
3, 53
Let p(b) = 16*b**2 + 14*b + 40. Let m(t) = 3*t + 33. Let a be m(-13). List the prime factors of p(a).
2, 7, 19
Let g(r) = -88*r + 10581. List the prime factors of g(-23).
5, 2521
Suppose 95*j + 179503 - 1213483 = 0. List the prime factors of j.
2, 3, 907
Let f = -378 - -161. Let z be 4 + 6/((16/250)/4). Let g = z + f. What are the prime factors of g?
2, 3
Let q(p) = -p**3 - 23*p**2 + 39*p + 13. Let h(k) = -12*k + 142. Let l be h(14). List the prime factors of q(l).
13, 79
Let n be (-99)/6*(-282)/(-9). Let q = 768 + n. List the prime factors of q.
251
Let d = 8952 + 17652. List the prime factors of d.
2, 3, 739
Suppose -5*x - 17 = c, -2*x + 7 = -0*c + 5*c. Suppose -32 - 133 = -c*a. Let h = a - 31. List the prime factors of h.
2, 3
Suppose t - 2*c = 9, 0 = 2*c - c. Suppose -9*i - t*i + 9126 = 0. List the prime factors of i.
3, 13
Let z(w) = 242*w**3 - 3*w**2 + 19*w - 20. List the prime factors of z(2).
2, 971
Let l = -54 + 56. Suppose t + l*i = 67, -2*t - 2*t + 323 = -3*i. Let k = t - 42. What are the prime factors of k?
5, 7
Let b be (-80)/(-56)*(-9 - -93). Let d(g) = -22*g - 2. Let z be d(3). Let i = b + z. What are the prime factors of i?
2, 13
Suppose 5*w = 8*w - 12. Let h be (-1676)/6 + w/(-6). Let a = 409 + h. What are the prime factors of a?
3, 43
Suppose v = z + 11422, 4*v - 23*z + 20*z = 45692. What are the prime factors of v?
2, 29, 197
Suppose 16057 = -27*d - 8135. List the prime factors of d*(-3)/(-6)*-1.
2, 7
Suppose w - 4899 = -1848. Suppose -17*d + w = -7115. List the prime factors of d.
2, 13, 23
Suppose 0 = 32*o - 175964 - 61316. What are the prime factors of o?
5, 1483
Suppose n - 5*n - y = -59024, -4*y = n - 14756. What are the prime factors of n?
2, 7, 17, 31
What are the prime factors of 1/(-2) + 46651/22?
2, 5, 53
What are the prime factors of (-1 - 0)/(113/(-943663))?
7, 1193
Let j = -18936 - -19952. What are the prime factors of j?
2, 127
Suppose 844120 = 18*a - 431216. What are the prime factors of a?
2, 17713
Let r be -3*15/(-9) - 3. Suppose -4*j + 3*l + 19 = -3*j, r*l - 10 = -5*j. Suppose 1548 = 14*g + j*g. List the prime factors of g.
2, 43
Suppose 20*m = -0*m + 240. Let r(u) = 2*u**2 - 10*u - 65. What are the prime factors of r(m)?
103
Let r = 297 + -300. Let s(o) = -15*o**3 + 10*o**2 + 19*o - 3. List the prime factors of s(r).
3, 5, 29
Let d(a) = 4*a**2 + 9*a - 452. List the prime factors of d(-29).
11, 241
Let x(o) be the second derivative of -o**4/12 - 7*o**3/2 + 25*o**2 - 5*o - 68. Let s be ((-42)/(-4))/(3/(-6)). What are the prime factors of x(s)?
2, 5
List the prime factors of 14992/12*(-6)/(-28)*14.
2, 937
List the prime factors of (45 + 308320/240)*(-1 - 58/(-1)).
19, 3989
Suppose -1022*s + 1141*s - 8138053 = 0. List the prime factors of s.
11, 6217
Let u be (-2 + 1 + 